{"id":38,"date":"2020-02-21T14:10:38","date_gmt":"2020-02-21T14:10:38","guid":{"rendered":"https:\/\/wittmann-immo.de\/?page_id=38"},"modified":"2024-08-09T19:51:25","modified_gmt":"2024-08-09T19:51:25","slug":"impressum-datenschutz","status":"publish","type":"page","link":"https:\/\/wittmann-immo.de\/index.php\/impressum-datenschutz\/","title":{"rendered":"Impressum \/ Datenschutz"},"content":{"rendered":"<p>Wir betreiben die EDV in unserem B\u00fcro mit 100%, teilweise selbst erzeugtem \u00d6kostrom.<\/p>\n<p>Wittmann Immobilien Marcus Wittmann Hoffmannstra\u00dfe 57 64285 Darmstadt<\/p>\n<p>Erlaubnisbeh\u00f6rde: Der Ma\u00adgis\u00adtrat B\u00fcr\u00adger- und Ord\u00adnungs\u00adamt, Gra\u00adfen\u00adstr. 30, 64283 Darm\u00adstadt<\/p>\n<p>T. 06151\/4296207 F. 06151\/4296208 info (at) wittmann-immo (Punkt) de<\/p>\n<p>B\u00fcro: Wittmann Immobilien Marcus Wittmann Th\u00fcringer Stra\u00dfe 14 63329 Egelsbach<\/p>\n<p>Erlaubnisbeh\u00f6rde: Der Gemeindevorstand der Gemeinde Egelsbach, Ernst-Ludwig-Stra\u00dfe 40-42, 63329 Egelsbach<\/p>\n<p>Inhaber: Marcus Wittmann<\/p>\n<p>Umsatzsteuer-ID Nr. gem. \u00a7 27 Umsatzsteuergesetz: DE 231882257<\/p>\n<p>Genehmigung \u00a734c Landkreis Darmstadt \/ Dieburg<\/p>\n<p>Es gilt das Recht der Bundesrepublik Deutschland. Alle relevanten berufsrechtlichen Regelungen, die \u00a7\u00a7 34c GewO sind unter www.gesetze-im-internet.de abrufbar. Information zur EU-weiten Regelung zur Online-Streitbeilegung: Mit der seit 06.01.2016 g\u00fcltigen EU-Verordnung Nr. 524\/2013 wurde eine neue EU-Plattform eingef\u00fchrt. Diese bietet eine einfache, effiziente, schnelle und kosteng\u00fcnstige au\u00dfergerichtliche L\u00f6sung f\u00fcr Streitigkeiten, die sich aus Online-Rechtsgesch\u00e4ften zwischen einem Unternehmer und Verbraucher ergeben. \u00dcber diesen Link gelangen Sie zur EU-Schlichtungsstelle: http:\/\/ec.europa.eu\/consumers\/odr\/ Haftungshinweis: Trotz sorgf\u00e4ltiger inhaltlicher Kontrolle \u00fcbernimmt Marcus Wittmann keine Haftung f\u00fcr die Inhalte externer Links. F\u00fcr den Inhalt der verlinkten Seiten sind ausschlie\u00dflich deren Betreiber verantwortlich.<\/p>\n<p>Wir m\u00f6chten ausdr\u00fccklich betonen, dass wir keinerlei Einfluss auf die Gestaltung und Inhalte der gelinkten Internetseiten haben. Deshalb distanzieren wir uns hiermit ausdr\u00fccklich von allen Inhalten der gelinkten Webseiten auf unserer gesamten Website inklusive aller Unterseiten und deren Links. Diese Erkl\u00e4rung gilt f\u00fcr alle auf unserer Homepage ausgebrachten Links und f\u00fcr alle Inhalte der Seiten, zu denen Links, Banner oder sonstige Verkn\u00fcpfungen f\u00fchren. Urheberrecht: Das Copyright liegt bei Marcus Wittmann. Alle Rechte vorbehalten. Inhalte, Bilder und Struktur der Websites unterliegen dem Urheberrecht und anderen Gesetzen zum Schutz geistigen Eigentums. Die Verbreitung oder Ver\u00e4nderung des Inhalts dieser Seiten ist nicht gestattet, des weiteren darf er weder zu kommerziellen Zwecken kopiert, noch Dritten zug\u00e4nglich gemacht werden. Dem Urheberrecht unterliegen auch die Inhalte und die Bilder, die Marcus Wittmann von Dritten zur Verf\u00fcgung gestellt wurden. Datenschutz: Eventuell werden Sie auf unseren Websites um pers\u00f6nliche Daten gebeten. Diese werden nur gespeichert und verarbeitet, soweit dies zum Zwecke Ihrer individuellen Betreuung und der Zusendung der von Ihnen gew\u00fcnschten Informationen notwendig ist. Marcus Wittmann sichert zu, dass Ihre Angaben entsprechend den geltenden datenschutzrechtlichen Bestimmungen vertraulich behandelt werden. Datenschutzerkl\u00e4rung Marcus Wittmann freut sich \u00fcber Ihr Interesse an seinen Internetseiten. Mit dieser Datenschutzerkl\u00e4rung informiere ich Sie dar\u00fcber, welche Ihrer personenbezogenen Daten (im Folgenden: \u201eDaten\u201c) beim Besuch dieser Internetseiten und der Nutzung der dortigen Services erhoben werden und wie diese verarbeitet oder genutzt werden. Diese Datenschutzerkl\u00e4rung gilt f\u00fcr alle Internetseiten von Marcus Wittmann. Verantwortliche Stelle im Sinne des BDSG sowie Diensteanbieter im Sinne des TMG ist Marcus Wittmann, Hoffmannstra\u00dfe 57, 64285 Darmstadt. Soweit Sie Fragen oder Anmerkungen zu dieser Datenschutzerkl\u00e4rung oder allgemein zum Datenschutz haben, wenden Sie sich bitte per E-Mail an datenschutz (at) wittmann-immo.de. Erhebung und Verwendung Ihrer Daten Sie k\u00f6nnen unsere Internetseiten rein informatorisch und ohne Registrierung nutzen. In diesem Fall erhebt Marcus Wittmann keine Daten von Ihnen, soweit diese nicht von Ihnen bzw. Ihrem Browser automatisch im Rahmen des Besuchs der Internetseiten \u00fcbermittelt werden. Solche automatisch von Ihnen \u00fcbermittelten Daten sind insbesondere Ihre IP-Adresse, das Datum und die Uhrzeit Ihres Aufrufs dieser Webseite, der von Ihnen verwendete Browser samt verschiedener Einstellungen, die von Ihnen zuvor besuchte Webseite, etc. Beim Aufruf von Internetseiten fallen diese Daten technisch zwingend an und werden von Ihrem Browser \u00fcbertragen. Diese Daten sind aber in aller Regel nicht ersonenbezogen, eine Ausnahme gilt f\u00fcr Ihre IP-Adresse, die meist als personenbezogen angesehen wird. Marcus Wittmann erhebt und verwendet die vorstehend aufgelisteten Daten nur, um die Anzeige und Nutzung der von Ihnen aufgerufenen Internetseiten und Inhalte \u00fcberhaupt zu erm\u00f6glichen, zur Fehleranalyse und Fehlerbehebung, zur Datensicherheit, zu statistischen Zwecken sowie im Rahmen des gesetzlich zul\u00e4ssigen Umfangs zur Verbesserung unseres Internetangebots. Ihre gesonderte Einwilligung Soweit Sie im Rahmen des Besuchs dieser Webseite an gesonderter Stelle ausdr\u00fccklich darin einwilligen, erheben und verarbeite ich Ihre Daten zu den in der jeweiligen Einwilligung genannten Zwecken. Eine solche Einwilligung k\u00f6nnen Sie im Anschluss jederzeit mit Wirkung f\u00fcr die Zukunft widerrufen, am besten in Form einer E-Mail an datenschutz (at ) wittmann-immo.de. Der Einsatz von Cookies Marcus Wittmann setzt auf seinen Internetseiten die Technik der so genannten Cookies ein. Cookies sind kleine Textdateien, die im Rahmen eines Website- Besuchs an das Ger\u00e4t, mit dem Sie die Webseiten besuchen, gesendet und dort zum Zwecke eines sp\u00e4teren Abrufs vorgehalten werden. Diese Technik nutzt Marcus Wittmann daf\u00fcr, Sie w\u00e4hrend eines Besuchs der Internetseiten beim Wechsel von einer Seite zur n\u00e4chsten zu identifizieren (so genannte Session-Erkennung) und das Ende einer Internet-Sitzung festzustellen (so genanntes Session-Timeout). Es handelt sich dabei um so genannte \u201eSession-Cookies\u201c, die gel\u00f6scht werden, wenn Sie Ihre Browsersitzung (also die \u201eSession\u201c) beenden. Die meisten Cookies sind solche Session-Cookies. Marcus Wittmann setzt daneben Cookies ein, die eine l\u00e4ngere Laufzeit haben, etwa um Sie bei einem weiteren Besuch wiederzuerkennen. Die daf\u00fcr eingesetzten Cookies haben eine l\u00e4ngere Laufzeit, die Sie \u00fcber Ihren Browser einsehen k\u00f6nnen. \u00dcber Ihren Browser haben Sie in der Regel generell die M\u00f6glichkeit, alle von Marcus Wittmann bei Ihnen gesetzten Cookies samt Inhalt und weiterer Details anzusehen, ebenso wie diese zu l\u00f6schen. F\u00fcr die Nutzung des vollen Funktionsumfangs der Webseiten sowie die Nutzung der personalisierten Angebote ist es allerdings aus technischen Gr\u00fcnden erforderlich, dass Sie Cookies zulassen. \u00dcber Ihren Browser k\u00f6nnen Sie auch festlegen, ob Cookies \u00fcberhaupt gesetzt und abgerufen werden d\u00fcrfen. Hilfestellung, wie Sie in Ihrem Browser Einstellungen zu den Cookies vornehmen, finden Sie in der Regel unter der Hilfefunktion des von Ihnen verwendeten Browsers. Werbung, Marktforschung und bedarfsgerechte Gestaltung unser Internetseiten Soweit gesetzlich zul\u00e4ssig, erstellt Marcus Wittmann zum Zwecke der Werbung, Marktforschung und zur an Ihren Interessen ausgerichteten Gestaltung ihrer Internetseiten Nutzungsprofile, was technisch durch den Einsatz von Cookies erfolgt. Diese Nutzungsprofile werden entweder ohne Personenbezug oder nur unter der Verwendung von Pseudonymen erstellt. Im Falle der Verwendung von Pseudonymen f\u00fchrt Marcus Wittmann die pseudonymen Nutzungsprofile nicht mit dem Tr\u00e4ger des Pseudonyms zusammen. Diese Cookies dienen nicht der pers\u00f6nlichen Identifizierung von Ihnen als Besucher und verlieren nach einer bestimmten Zeit, die Sie \u2013 siehe oben zu den Cookies \u2013 in Ihrem Browser einsehen k\u00f6nnen \u2013 ihre G\u00fcltigkeit. Sie k\u00f6nnen der Erstellung von Nutzungsprofilen jederzeit dadurch verhindern, dass Sie Ihren Browser so einstellen, dass er solche Cookies nicht akzeptiert. Einschaltung von Dienstleistern Es kann sein, dass Marcus Wittmann zu den in dieser Datenschutzerkl\u00e4rung genannten Zwecken Dienstleister zur Unterst\u00fctzung einschaltet, wie zum Beispiel Hosting- oder Webserver-Dienstleister, und diese dabei Zugriff auf Ihre Daten erhalten. Solche Dienstleister habe ich sorgf\u00e4ltig ausgew\u00e4hlt und gem\u00e4\u00df den gesetzlichen Vorgaben beauftragt. Eine Weitergabe Ihrer Daten an Dritte erfolgt im \u00dcbrigen nicht, soweit uns dies nicht gesetzlich oder \u00fcber eine Einwilligung erlaubt ist oder ich dazu rechtlich verpflichtet bin. Datensicherheit Aus Gr\u00fcnden der Datensicherheit ist jegliche Verbindung zur Webseite von Marcus Wittmann verschl\u00fcsselt per SSL Verbindung. Weitervermittlung Auf den meinen Internetseiten finden Sie zum Teil auch Links zu Webseiten anderer Diensteanbieter. Durch Anklicken eines solchen Links verlassen Sie die Internetseiten von Marcus Wittmann und es erfolgt eine Weitervermittlung zu einem solchen anderen Diensteanbieter. F\u00fcr die dortigen Inhalte und den Umgang mit Ihren Daten ist Marcus Wittmann nicht verantwortlich oder zust\u00e4ndig, bitte informieren Sie sich dort dar\u00fcber.<\/p>\n","protected":false},"excerpt":{"rendered":"<p>Wir betreiben die EDV in unserem B\u00fcro mit 100%, teilweise selbst erzeugtem \u00d6kostrom. Wittmann Immobilien Marcus Wittmann Hoffmannstra\u00dfe 57 64285 Darmstadt Erlaubnisbeh\u00f6rde: Der Ma\u00adgis\u00adtrat B\u00fcr\u00adger- und Ord\u00adnungs\u00adamt, Gra\u00adfen\u00adstr. 30, 64283 Darm\u00adstadt T. 06151\/4296207 F. 06151\/4296208 info (at) wittmann-immo (Punkt) de B\u00fcro: Wittmann Immobilien Marcus Wittmann Th\u00fcringer Stra\u00dfe 14 63329 Egelsbach Erlaubnisbeh\u00f6rde: Der Gemeindevorstand der Gemeinde &hellip; <a href=\"https:\/\/wittmann-immo.de\/index.php\/impressum-datenschutz\/\" class=\"more-link\"><span class=\"screen-reader-text\">\u201eImpressum \/ Datenschutz\u201c<\/span> weiterlesen<\/a><\/p>\n","protected":false},"author":1,"featured_media":0,"parent":0,"menu_order":0,"comment_status":"closed","ping_status":"closed","template":"","meta":{"footnotes":""},"class_list":["post-38","page","type-page","status-publish","hentry"],"_links":{"self":[{"href":"https:\/\/wittmann-immo.de\/index.php\/wp-json\/wp\/v2\/pages\/38","targetHints":{"allow":["GET"]}}],"collection":[{"href":"https:\/\/wittmann-immo.de\/index.php\/wp-json\/wp\/v2\/pages"}],"about":[{"href":"https:\/\/wittmann-immo.de\/index.php\/wp-json\/wp\/v2\/types\/page"}],"author":[{"embeddable":true,"href":"https:\/\/wittmann-immo.de\/index.php\/wp-json\/wp\/v2\/users\/1"}],"replies":[{"embeddable":true,"href":"https:\/\/wittmann-immo.de\/index.php\/wp-json\/wp\/v2\/comments?post=38"}],"version-history":[{"count":11,"href":"https:\/\/wittmann-immo.de\/index.php\/wp-json\/wp\/v2\/pages\/38\/revisions"}],"predecessor-version":[{"id":95,"href":"https:\/\/wittmann-immo.de\/index.php\/wp-json\/wp\/v2\/pages\/38\/revisions\/95"}],"wp:attachment":[{"href":"https:\/\/wittmann-immo.de\/index.php\/wp-json\/wp\/v2\/media?parent=38"}],"curies":[{"name":"wp","href":"https:\/\/api.w.org\/{rel}","templated":true}]}}